t is 1020011210122 - -110111?
1020012021010
In base 5, what is -1344 - -1030443?
1024044
In base 3, what is 2202221121 + -2002200?
2200211221
In base 7, what is -213 + 120251?
120035
In base 10, what is -3814365 + 3?
-3814362
In base 10, what is 46491 + -3151?
43340
In base 12, what is 18 + 117840?
117858
In base 10, what is -184 - -124129?
123945
In base 14, what is 5 - -6cc0889?
6cc0890
In base 14, what is -161 - -13344?
131c3
In base 13, what is -b - b203872?
-b203880
In base 14, what is 8a28dc2 + -5?
8a28dbb
In base 5, what is 3 + -1130022142?
-1130022134
In base 4, what is -11 - 2022113111030?
-2022113111101
In base 2, what is 1010100110100111001 - -111011?
1010100110101110100
In base 13, what is -39aa + 5a82b?
56b51
In base 7, what is -5446141046 + -1?
-5446141050
In base 4, what is -10131302 + 33302?
-10032000
In base 6, what is -2 + -4533105354?
-4533105400
In base 6, what is -11533532 + -42?
-11534014
In base 7, what is -510065304 - 4?
-510065311
In base 10, what is 0 + 115529428?
115529428
In base 12, what is -9717209 + -5?
-9717212
In base 5, what is -1243202 - -110242?
-1132410
In base 8, what is -26 + -3715204?
-3715232
In base 8, what is 1 + -304521?
-304520
In base 4, what is -3111122032220 - 2?
-3111122032222
In base 11, what is 37 + -80642?
-80606
In base 2, what is -101111 - -1101010110100011000011?
1101010110100010010100
In base 9, what is 5 + 7131166?
7131172
In base 2, what is -100000001 - -11101100111010100?
11101100011010011
In base 3, what is -2001020210 - 2000?
-2001022210
In base 8, what is 22 - 554464?
-554442
In base 5, what is 2340 - 2031034?
-2023144
In base 6, what is 154343 + 231530?
430313
In base 14, what is 18136 + -12?
18124
In base 4, what is 20012202130 - 3131?
20012132333
In base 9, what is 7 - 115411348?
-115411341
In base 3, what is -12001112010102102 + 1?
-12001112010102101
In base 11, what is 52 + -673a6?
-67354
In base 6, what is -2 - -110001034?
110001032
In base 6, what is -2125 - -1145?
-540
In base 12, what is 430a + 12bb?
5609
In base 4, what is 2 - -32211013132?
32211013200
In base 2, what is -1111 + 10110111100010001000010?
10110111100010000110011
In base 10, what is 190 + 937473?
937663
In base 11, what is -1 + 119a933?
119a932
In base 10, what is -7 + -10145793?
-10145800
In base 6, what is 205 + -1530532?
-1530323
In base 13, what is 3 - -93a25b?
93a261
In base 3, what is -21010212 - -221212011?
200201022
In base 3, what is 100202 - -1200011211120?
1200012012022
In base 4, what is 2 + 2320003123003?
2320003123011
In base 3, what is -1112202020100 - 10?
-1112202020110
In base 5, what is 10240 - -3412001?
3422241
In base 11, what is -2295 + 308?
-1a88
In base 9, what is -104 + 8750?
8645
In base 5, what is -24103233312 - 13?
-24103233330
In base 8, what is -673515 - 13?
-673530
In base 13, what is -757ba + c31?
-74889
In base 4, what is 1130 + 203100201?
203101331
In base 8, what is -7 - 250476465?
-250476474
In base 6, what is -100 + 201434234?
201434134
In base 13, what is -8ca + c151?
b554
In base 2, what is 100110100101010110 - -1111?
100110100101100101
In base 16, what is -2e7bda + -2?
-2e7bdc
In base 16, what is -4 + -68db97?
-68db9b
In base 5, what is 3 + -121002314141?
-121002314133
In base 16, what is -1bb + -93a5?
-9560
In base 9, what is -1815 - 1202026?
-1203842
In base 5, what is -3200 + -2133444?
-2142144
In base 5, what is 112301020 - 220?
112300300
In base 11, what is 2132980 + -6?
2132975
In base 8, what is 13070201 + -72?
13070107
In base 6, what is 2333142502 - -2?
2333142504
In base 5, what is -22 - -44024340?
44024313
In base 10, what is -406126 + 46?
-406080
In base 5, what is 1144124230221 - 4?
1144124230212
In base 4, what is 332123213 - -123?
332130002
In base 16, what is -17c + -12d445?
-12d5c1
In base 7, what is -120466522 - 125?
-120466650
In base 12, what is 65 - 786046?
-785ba1
In base 13, what is 11ca78 + -55?
11ca23
In base 16, what is 0 + eee174?
eee174
In base 16, what is -27 + de1f?
ddf8
In base 7, what is -4 + 45264?
45260
In base 3, what is 221111011 - -1101002010?
2022120021
In base 3, what is 2 - 1111200221011101?
-1111200221011022
In base 7, what is -1 - 32005350?
-32005351
In base 8, what is 11716014 - -1?
11716015
In base 11, what is -14348 + -609?
-14956
In base 3, what is 111120111111100220 + -10?
111120111111100210
In base 10, what is 47 - 1052952?
-1052905
In base 11, what is 244276 - -28?
2442a3
In base 8, what is 3 + 2163605?
2163610
In base 9, what is -2147 + -66212?
-68360
In base 14, what is 1132a + 3a1?
116cb
In base 13, what is 271181b3 - 4?
271181ac
In base 7, what is -235433 + 3155?
-232245
In base 10, what is 2 - -63699701?
63699703
In base 2, what is -1011110011101010 + 1000011?
-1011110010100111
In base 11, what is -15a334 - -55a?
-159885
In base 7, what is 5201554 + -465?
5201056
In base 5, what is -24100232 - 14033?
-24114320
In base 16, what is -2231d + -3e?
-2235b
In base 13, what is 22039 - -2047?
24083
In base 13, what is 2b8260 + -32b?
2b7c32
In base 6, what is 33502043200 - 5?
33502043151
In base 11, what is -669559 - -7?
-669552
In base 12, what is 125037 + -13?
125024
In base 9, what is 1 - -57123258?
57123260
In base 16, what is -2d - -2fff5?
2ffc8
In base 13, what is -541 - -2a180?
2993c
In base 9, what is -268 + 358016?
357637
In base 13, what is -2c26 + 5238?
2312
In base 4, what is -2 - -12230121223?
12230121221
In base 16, what is -40b97 + -3d?
-40bd4
In base 11, what is -3 - 109a649?
-109a651
In base 7, what is 264442 - -323?
265065
In base 9, what is 8 - -315670?
315678
In base 7, what is 2466520512 - 3?
2466520506
In base 4, what is 1003130020 - 102100?
1003021320
In base 2, what is 10000000 - -1010000010100?
1010010010100
In base 2, what is -100010110 + -10110000100000111001?
-10110000100101001111
In base 5, what is 220322014103 + -10?
220322014043
In base 16, what is -4 - ea2471?
-ea2475
In base 7, what is -31 + -56016410?
-56016441
In base 15, what is 5 + -1b2a28?
-1b2a23
In base 5, what is 400 - -3110331114?
3110332014
In base 14, what is -c678c80 + -3?
-c678c83
In base 9, what is -4563 + -72802?
-77465
In base 9, what is -2 - -10316522?
10316520
In base 7, what is 301252211 + 0?
301252211
In base 8, what is -6506 + -2710?
-11416
In base 6, what is -5 - 13013033?
-13013042
In base 12, what is -a71114 + -3?
-a71117
In base 5, what is 12 - 10410023?
-10410011
In base 10, what is 1 + -300079424?
-300079423
In base 2, what is 110011100001100 + -110100010?
110010101101010
In base 6, what is 543 + 2121105?
2122052
In base 16, what is -30c14 - 1e?
-30c32
In base 8, what is 1052676 + 66?
1052764
In base 7, what is 34 - 6341055?
-6341021
In base 2, what is -1110110110 - 1001100010011?
-1011011001001
In base 10, what is 8476562 + 0?
8476562
In base 11, what is -a46 + -31554?
-3249a
In base 15, what is a0c15 - 27?
a0bdd
In base 4, what is -130200 - 1230111021?
-1230301221
In base 4, what is -31223203312 + 0?
-31223203312
In base 15, what is 6 + ac182?
ac188
In base 8, what is -223430 - 43?
-223473
In base 3, what is 1020122201120 + -10?
1020122201110
In base 9, what is 273541 - 16?
273524
In base 4, what is -12001010300 - -3133?
-12001001101
In base 8, what is -44426670 - -1?
-44426667
In base 10, what is -4 - 55566544?
-55566548
In base 2, what is 1 + 1011010111110111111110?
1011010111110111111111
In base 13, what is 59136a5 - -9?
59136b1
In base 15, what is -1bda72 + -8a?
-1bdb0c
In base 2, what is 101101 - 11010100010110010011?
-11010100010101100110
In base 8, what is -1130362 + 140?
-1130222
In base 3, what is -21221222210202 + -10?
-21221222210212
In base 12, what is b520 + -475?
b067
In base 15, what is 21c57 - -18a?
21de2
In base 11, what is -1903 + -10979?
-12781
In base 5, what is -101020 - -430340?
324320
In base 15, what is -426 - 168da?
-16d11
In base 5, what is 2022 + -2311001?
-2303424
In base 3, what is 11020110010102 - -1?
11020110010110
In base 5, what is -1 - -3211204311?
3211204310
In base 10, what is -1074771549 - -2?
-1074771547
In base 12, what is 8 - 729a6?
-7299a
In base 13, what is 87 - -91898?
91952
In base 5, what is 321201 - -103131?
424332
In base 2, what is -100100001010000001001 - 100?
-100100001010000001101
In base 6, what is 34 - -112511220?
112511254
In base 3, what is -1210101002 - -2